
50426 (base 11) to base 5
4324332
Convert 23846 (base 9) to base 5.
1002444
Convert -101011110111101 (base 2) to base 6.
-251553
What is 24bb (base 16) in base 3?
110220021
What is 349 (base 11) in base 10?
416
Convert 16305 (base 10) to base 12.
9529
What is -12134 (base 5) in base 7?
-2452
What is -11111110100 (base 2) in base 14?
-a56
3d3c (base 14) to base 7
43405
What is 56b9 (base 15) in base 12?
a793
-470a (base 12) to base 15
-253a
Convert 10400 (base 5) to base 11.
5aa
Convert -4005 (base 8) to base 13.
-c1c
Convert 6786 (base 13) to base 4.
3202023
What is 818 (base 15) in base 14?
943
What is -140121 (base 6) in base 15?
-3cc4
Convert -3131120 (base 4) to base 7.
-56210
Convert e1 (base 15) to base 2.
11010011
What is 20a19 (base 12) in base 8?
123665
What is -13624 (base 8) in base 11?
-4598
Convert -996 (base 11) to base 7.
-3324
Convert -8d2 (base 14) to base 7.
-5052
What is 102012121 (base 3) in base 12?
488a
What is -133 (base 16) in base 6?
-1231
Convert -30330 (base 5) to base 15.
-8b0
Convert 20351 (base 6) to base 5.
41411
-e89 (base 15) to base 9
-4443
-10222 (base 4) to base 11
-251
Convert -3793 (base 13) to base 5.
-223034
What is 1067 (base 9) in base 10?
790
Convert -21200000 (base 3) to base 6.
-41513
What is 12132 (base 5) in base 4?
32111
Convert -100121 (base 6) to base 9.
-11654
What is -3343 (base 8) in base 12?
-102b
Convert -121020 (base 3) to base 5.
-3223
What is -10a (base 16) in base 3?
-100212
23006 (base 7) to base 6
43005
110011000011000 (base 2) to base 11
18700
Convert 1011130 (base 5) to base 13.
7619
-2263 (base 10) to base 14
-b79
823 (base 13) to base 6
10221
What is 143444 (base 6) in base 9?
20811
Convert 667 (base 12) to base 9.
1257
Convert 601 (base 9) to base 14.
26b
-141 (base 12) to base 10
-193
-2803 (base 12) to base 4
-1020003
-110111110 (base 2) to base 6
-2022
What is 1112110 (base 3) in base 7?
3156
13664 (base 10) to base 4
3111200
What is -1111201 (base 4) in base 10?
-5473
Convert -210110 (base 3) to base 10.
-579
What is 32 (base 16) in base 8?
62
Convert 1342 (base 5) to base 12.
166
-2778 (base 15) to base 3
-102120112
Convert 399 (base 16) to base 9.
1233
What is -269 (base 14) in base 15?
-225
51b (base 12) to base 9
1015
What is -12220020 (base 3) in base 7?
-15351
What is 4033 (base 6) in base 10?
885
What is -1c0 (base 13) in base 7?
-643
1482 (base 9) to base 14
5a7
What is 1124 (base 5) in base 10?
164
What is -c48 (base 15) in base 10?
-2768
-143 (base 13) to base 7
-440
58 (base 15) to base 6
215
Convert 811 (base 9) to base 15.
2dd
What is -435246 (base 7) in base 12?
-38186
Convert -173 (base 12) to base 10.
-231
What is -722 (base 11) in base 2?
-1101100111
-401 (base 7) to base 6
-525
-8dfa (base 16) to base 2
-1000110111111010
125757 (base 8) to base 7
242216
What is -252 (base 16) in base 12?
-416
-1010010011 (base 2) to base 9
-812
546 (base 13) to base 12
633
Convert 14632 (base 7) to base 10.
4090
Convert 15b7 (base 12) to base 7.
10354
4e (base 16) to base 4
1032
What is 5012 (base 9) in base 3?
12000102
What is -101442 (base 5) in base 13?
-16c5
162241 (base 7) to base 2
111110100011010
What is 1c5 (base 15) in base 10?
410
-1073 (base 11) to base 14
-72b
-8a (base 13) to base 16
-72
Convert 334410 (base 7) to base 16.
e73f
What is 110111111 (base 2) in base 7?
1206
Convert -10010111110 (base 2) to base 11.
-a04
Convert 8924 (base 10) to base 7.
35006
What is 2c (base 16) in base 5?
134
What is 3720 (base 12) in base 6?
44440
-330562 (base 7) to base 10
-57913
112133 (base 4) to base 10
1439
-342231 (base 5) to base 12
-707b
What is -211230 (base 4) in base 15?
-aac
Convert -2021 (base 8) to base 5.
-13131
Convert -11542 (base 7) to base 16.
-bcb
Convert 152b (base 12) to base 9.
3358
129 (base 10) to base 13
9c
Convert 60a (base 15) to base 13.
808
Convert -1555 (base 6) to base 2.
-110101111
41514 (base 8) to base 6
211432
22225 (base 6) to base 7
12035
4555 (base 6) to base 14
571
11211013 (base 4) to base 10
22855
Convert -5355 (base 11) to base 12.
-411a
Convert -5367 (base 10) to base 6.
-40503
Convert 5d5 (base 14) to base 10.
1167
Convert -212021012 (base 3) to base 7.
-100310
222012021 (base 3) to base 15
59d1
Convert -10362 (base 12) to base 16.
-52fa
Convert -15a (base 11) to base 6.
-510
12201100 (base 3) to base 8
10107
Convert -559 (base 10) to base 2.
-1000101111
Convert 1d1 (base 16) to base 14.
253
What is -2298 (base 15) in base 10?
-7343
What is -11033 (base 4) in base 5?
-2320
Convert 403 (base 14) to base 9.
1064
-710 (base 13) to base 15
-54b
105b (base 13) to base 3
10010012
241 (base 9) to base 11
171
Convert -2311 (base 5) to base 7.
-652
What is 22230 (base 9) in base 13?
6951
-1568 (base 15) to base 12
-27b2
203233 (base 5) to base 2
1101000100101
Convert 11111200 (base 3) to base 14.
12a9
-12134 (base 7) to base 16
-c59
Convert -11100110 (base 2) to base 15.
-105
Convert -a238 (base 15) to base 11.
-2380a
What is 1062 (base 9) in base 13?
485
Convert -1042 (base 7) to base 3.
-111211
-565 (base 10) to base 4
-20311
Convert 2062 (base 12) to base 2.
110111001010
What is 817 (base 10) in base 9?
1107
-1116 (base 12) to base 14
-990
What is 140 (base 5) in base 10?
45
Convert -493 (base 12) to base 9.
-843
-6024 (base 10) to base 6
-43520
Convert df (base 16) to base 13.
142
Convert 2045 (base 7) to base 4.
23033
-13866 (base 10) to base 5
-420431
Convert 23412 (base 6) to base 5.
102032
234 (base 8) to base 16
9c
Convert -300 (base 6) to base 16.
-6c
634 (base 7) to base 15
164
Convert -35777 (base 8) to base 12.
-8a7b
Convert 31726 (base 12) to base 2.
1111110111001110
Convert 9ed1 (base 15) to base 14.
c409
What is 31223 (base 4) in base 14?
467
What is 1241 (base 6) in base 16?
139
What is 892 (base 16) in base 15?
9b4
What is 1000020 (base 3) in base 12?
513
Convert 38a (base 12) to base 5.
4123
What is -12102201 (base 3) in base 9?
-5381
What is 2770 (base 12) in base 7?
16155
Convert 4460 (base 7) to base 10.
1610
Convert -19422 (base 11) to base 6.
-325332
Convert -26231 (base 9) to base 5.
-1031221
What is -678 (base 9) in base 10?
-557
-2012022 (base 3) to base 11
-1226
89d6 (base 14) to base 11
16a61
124 (base 11) to base 12
103
Convert 16459 (base 13) to base 3.
2011021211
1111101 (base 2) to base 8
175
What is 100111110 (base 2) in base 6?
1250
Convert 439c (base 15) to base 2.
11011111110010
-812 (base 11) to base 4
-33111
-1208 (base 13) to base 2
-100111101111
3043121 (base 5) to base 16
c27a
What is -1062 (base 7) in base 9?
-470
Convert -a835 (base 14) to base 11.
-1a914
-228 (base 9) to base 16
-bc
What is -10a (base 16) in base 9?
-325
7182 (base 16) to base 3
1110212020
What is -3340 (base 16) in base 9?
-18887
Convert 7ed (base 16) to base 11.
1585
Convert bbd8 (base 14) to base 10.
32530
2353 (base 10) to base 4
210301
9581 (base 13) to base 3
1001102112
What is -4e9 (base 15) in base 10?
-1119
What is 10000011 (base 2) in base 10?
131
862 (base 9) to base 11
590
Convert -a52a (base 12) to base 16.
-4672
What is 201 (base 10) in base 11?
173
What is 20e (base 15) in base 8?
720
Convert 156 (base 14) to base 9.
332
-131221 (base 5) to base 16
-1442
Convert -161201 (base 8) to base 12.
-29681
1365 (base 9) to base 11
858
What is 3351 (base 10) in base 15?
ed6
228 (base 16) to base 9
673
Convert 4034 (base 8) to base 2.
100000011100
Convert 1272a (base 13) to base 7.
201430
-310323 (base 4) to base 13
-1707
-134050 (base 6) to base 4
-3010032
-2200221 (base 3) to base 4
-132301
6442 (base 13) to base 11
a4a8
What is 101110111 (base 2) in base 5?
3000
-29b (base 13) to base 12
-32a
43c3 (base 14) to base 9
17078
Convert 187 (base 14) to base 15.
160
What is 746 (base 13) in base 4?
103121
Convert -1163 (base 8) to base 14.
-32b
312031 (base 4) to base 16
d8d
46314 (base 7) to base 11
8976
What is -13423 (base 13) in base 9?
-54161
What is 102102111 (base 3) in base 10?
8329
Convert 210210 (base 3) to base 9.
723
a53 (base 13) to base 7
5061
What is -2267 (base 9) in base 11?
-1299
Convert 135011 (base 7) to base 10.
25733
What is 1133 (base 9) in base 5?
11330
Convert 4622 (base 8) to base 9.
3322
What is 1321 (base 7) in base 6?
2201
What is -1e2 (base 15) in base 8?
-665
What is 1000000011100000 (base 2) i